 = -w + 6. Suppose x - 24 = -2*t - 0*x, w*x + 6 = 0. Calculate the greatest common factor of t and 26.
13
Let c = 144 - 123. What is the highest common factor of c and 105?
21
Let i(z) = 5*z**2 - 2*z + 5*z**3 - 4*z**3 + 0*z + 4. Let j be i(-3). Let x = -17 - -31. What is the greatest common divisor of j and x?
14
Suppose 0 = -4*p + p + 6. Calculate the greatest common divisor of p and 8.
2
Suppose 3*n = -2*n + 40. Let y = n - 3. Calculate the highest common factor of 40 and y.
5
Let f(q) = 4*q**3 - q**2 + 4*q - 3. Let g = -2 + 1. Let c be g/6 - (-26)/12. Let o be f(c). What is the greatest common factor of 11 and o?
11
Suppose 0 = -6*k + 8 + 10. Let w be 0 - -1 - (-13 + 0). Let a = w + -5. Calculate the greatest common factor of a and k.
3
Let v(u) = -u**3 + u**2 - 2*u - 4. Let k be v(-3). Let m be 340/6 - (-2)/6. What is the greatest common factor of m and k?
19
Let t be (-36)/(-8) + (-1)/2. Let c = t + 14. What is the highest common factor of c and 27?
9
Suppose 0 = 3*k - 3*l - 160 - 86, -5*l - 5 = 0. Calculate the highest common divisor of 9 and k.
9
Let z be 5/3 + 3/9. Suppose z*u + 5*h - 25 = 0, -5*h + 71 = 5*u - h. Suppose -d + 4 - 1 = 0. Calculate the highest common divisor of d and u.
3
Suppose 2*y + 2*y - 24 = 0. Suppose -4*l + y = -18. What is the greatest common factor of l and 4?
2
Let v(w) = -26*w - 2. Let m be v(-6). Suppose 5*n = m + 41. What is the highest common factor of 26 and n?
13
Let n = 5 + 20. Suppose -5*t + n = s, 6*s - 25 = -5*t + s. Suppose -t*v = -2*v - 483. What is the highest common factor of 23 and v?
23
Let v be 51 - 0/((-4)/(-1)). Let h(z) = z**2 + 6*z + 10. Suppose -3*d = -4*d - 7. Let o be h(d). Calculate the highest common divisor of v and o.
17
Suppose -2*s = -w + 18, -3*w + 0*s - 2*s = -22. Calculate the greatest common factor of w and 10.
10
Suppose -n = n + j - 157, j - 3 = 0. What is the highest common divisor of 11 and n?
11
Let p(d) = -d**3 - d**2 + d + 24. Let q be p(0). Let k(b) = b**2. Let s be k(-4). Calculate the greatest common divisor of q and s.
8
Suppose 20 = 4*j + j. Suppose d - t + 7 = 14, 5*t + 10 = 0. Let m = d + -1. What is the greatest common divisor of j and m?
4
Let i(s) = -19*s - 2. Let v be i(-1). What is the greatest common factor of 17 and v?
17
Let j = 69 - 57. What is the highest common divisor of j and 60?
12
Let w = 17 + 5. Suppose 0 = 4*d - 3*d - 4, d - 11 = -i. Suppose -2*j = -i*j + 55. What is the greatest common factor of w and j?
11
Let b(u) = -u**3 + 11*u + 10. Let q be b(-5). What is the highest common divisor of 32 and q?
16
Let c = 8 + -8. Let m(y) = -y**2 + y + 3. Let k be m(c). What is the greatest common factor of 9 and k?
3
Suppose 3*o + o = 136. Suppose -12 = -5*h + h. Suppose 0 = 2*v - l - o, 3*v - 61 = -h*l + 2*l. What is the greatest common factor of 133 and v?
19
Let g(o) = -8*o - 3. Let d be g(-10). What is the greatest common divisor of 11 and d?
11
Suppose -h + 15 = -4*g, 2*g = g. What is the highest common factor of h and 5?
5
Suppose -43 = a - 113. Let b(q) be the first derivative of q**2 + 8*q + 4. Let t be b(10). Calculate the greatest common divisor of t and a.
14
Let v(l) = -3*l**2 + 5*l. Let n(z) = 7*z**2 - 11*z - 1. Let g(t) = 4*n(t) + 9*v(t). Let c be g(-3). Calculate the highest common divisor of c and 2.
2
Suppose -5*q - 3 = 7. Let u be (q + 10/(-3))*-6. Calculate the greatest common divisor of 8 and u.
8
Let q be (-25)/(-9) - (-2)/9. Let h = 1 + -2. Let i be (-36)/20*(h + -4). Calculate the greatest common factor of i and q.
3
Suppose 15*w - 11*w = 48. What is the highest common divisor of 384 and w?
12
Let y = -2 + 2. Suppose y = -u - u + 52. Suppose -4*x = 6 - u. Calculate the greatest common divisor of x and 55.
5
Let u(y) be the first derivative of -y**3/3 + 11*y**2/2 + 14*y - 6. Let x be u(7). What is the highest common factor of x and 14?
14
Suppose 37 - 5 = d + 2*h, 0 = -2*h + 6. Suppose 0 = -5*x + 2*o + o + 186, 159 = 4*x + o. Calculate the highest common factor of d and x.
13
Let l be 2/(-4)*22*-1. Suppose 5*h - 142 = 2*q, 3*q - 1 = l. Let f be 632/52 + 2/(-13). What is the greatest common divisor of f and h?
6
Let h be (-160)/(-16) + -3 + 0. What is the greatest common factor of 21 and h?
7
Let s = 95 - 45. What is the highest common divisor of s and 100?
50
Suppose 2*n + 6 = 5*k + 27, 3*k = -5*n + 6. Calculate the highest common factor of 21 and n.
3
Let f be (-24)/(-2) - (-3 + 5). Let g = 19 + f. Calculate the highest common factor of g and 87.
29
Suppose 0 = -4*k - 3*g - 8, -g - 20 = 4*g. Let z be ((2 - k) + -61)*-2. Calculate the highest common divisor of 24 and z.
24
Suppose 3*z = -4*x + 16, 0*z - 5*x = 2*z - 20. Suppose 4*w - 8 = 4*y, -3*y + 30 = 3*w - z*y. Calculate the greatest common factor of w and 48.
6
Suppose -2*s + 10 = 2*j, 4*s - 18 = 3*j - 6*j. Let m be j*3/(-15)*30. Let v be ((-6)/(-9))/((-1)/m). Calculate the greatest common factor of v and 72.
8
Let c(v) = v**2 - 9*v + 2. Let k be c(11). Let b = 134 + -38. Calculate the greatest common divisor of b and k.
24
Let v be (-14)/(-5 - (-309)/63). Calculate the greatest common factor of 21 and v.
21
Let l(j) = 1 - 1 + 2 - 4 - 13*j. Let o be l(-2). What is the highest common divisor of 36 and o?
12
Let w(g) = 2*g**2 + 2*g - 3. Let m be w(2). Let y be 0 - m*(4 + -3). Let z = 1 - y. Calculate the highest common factor of 70 and z.
10
Let x be 4/(-2)*(-210)/12. Calculate the highest common factor of x and 175.
35
Let h(j) = 29*j**2 - 3*j - 2. Let k be h(-1). Calculate the highest common divisor of 20 and k.
10
Let u = 456 - 200. What is the highest common divisor of u and 16?
16
Let p be (-1 - -10)*(-44)/(-12). What is the highest common divisor of p and 3?
3
Let b be ((-372)/(-9))/(-2 - (-24)/9). What is the greatest common factor of b and 31?
31
Suppose 3 + 12 = u. What is the greatest common factor of u and 3?
3
Suppose -t = -2*f - 18, -6*f = -5*f - 1. What is the highest common factor of 30 and t?
10
Suppose 0 = -2*y - 3*v + 17, -3*v + 2*v = 2*y - 11. Calculate the greatest common divisor of y and 44.
4
Suppose 4*s + u - 29 = 0, s + 0*s - 2*u = 14. Calculate the highest common factor of s and 20.
4
Let i(x) = x**3 - 3*x**2 - 3*x. Let a be i(4). Suppose a*k = 6*d - d - 6, 0 = -4*k + d + 2. What is the greatest common factor of 1 and k?
1
Let t(a) = a**2 + 2*a - 3. Let k be t(2). Let s = 7 + k. Let m = -96 - -180. Calculate the greatest common divisor of m and s.
12
Suppose -4*l + 13 = 5. Calculate the greatest common divisor of l and 2.
2
Let c = 32 + -29. What is the greatest common factor of c and 33?
3
Let a(x) = 6*x + 9. Let f be a(-11). Let m be 1 - f - (12 + -10). What is the highest common divisor of 8 and m?
8
Suppose 4*k + 2*o + 0*o = -236, 4*k = 3*o - 256. Let d = k + 89. Let u = d - 20. Calculate the highest common divisor of 24 and u.
8
Let o(g) = -g + 16. Let i be o(10). Calculate the highest common factor of 12 and i.
6
Let q be 2/(-4)*(-330)/3. What is the highest common factor of 11 and q?
11
Let h be ((-12)/(-5) - 2)*10. Let o be 1/h + 358/8. Let y = 5 + o. Calculate the greatest common factor of y and 10.
10
Let p(a) = -a**3 - a**2 - 2. Let l be p(-2). Suppose -2*j = l*j + h - 32, -40 = -5*j + h. Calculate the highest common divisor of j and 32.
8
Let k(j) = -j**3 + 4*j**2 + 2*j + 17. Let x be k(5). Suppose d + 3 = 5. What is the greatest common factor of x and d?
2
Let w = -42 - -70. Calculate the highest common factor of 308 and w.
28
Suppose -19 = -3*v + 8. Let m = 156 + -75. Calculate the greatest common factor of v and m.
9
Suppose 0 = -3*k - n + 30, k - 2*n + 6*n - 10 = 0. What is the highest common factor of k and 90?
10
Let p = -3 + 2. Suppose 0 = 5*g - 3*v - 46, -19 = 5*g - 2*v - 63. Let o = p + g. What is the greatest common divisor of o and 35?
7
Let f = 35 + -21. Suppose 5*v + 5*r - 97 = -12, -5*r - 20 = 0. Calculate the greatest common divisor of v and f.
7
Let j be 1 + (-4)/(-4) - -24. Let g(h) = 2*h**2 + h - 1. Let o be g(-6). What is the greatest common factor of j and o?
13
Let n(s) = -7*s**3 - s. Let l be n(-1). Suppose -g + 71 = -3*y, -120 = -2*g - l*y + 3*y. What is the highest common divisor of g and 13?
13
Let s(a) = 2*a - 6. Let x be s(4). Suppose -x*r + 6 = 2*y, y - r = 5 - 0. What is the highest common divisor of 32 and y?
4
L